rue
Suppose -526446 - 1291415 = -17*o. Is o a prime number?
False
Let x = 3 - 10. Let v(l) = 2*l**3 + 8*l**2 + 8*l - 6. Let u be v(x). Is u/(-6) - 8/24 prime?
True
Suppose 2*w = -2, b + 103*w = 98*w + 240318. Is b prime?
False
Suppose 3*r + 1647 = 3*f + 849579, -3*f - 282638 = -r. Is r a prime number?
False
Suppose 3*a - o - 13824 = 0, -4*a + 4*o = -22895 + 4471. Is ((-312)/(-156))/(-1 + 4611/a) composite?
True
Suppose -128 = a + 70. Let m = 456 - a. Let z = m + -155. Is z a composite number?
False
Let f(s) = 3*s**2 - 2*s**2 - 14*s**2 + 6*s + 7*s**2 + 2 - 23*s**3 + 2*s**3. Is f(-5) prime?
True
Suppose 29*k = 20*k + 360. Is -1 + 16/10 - (-50176)/k composite?
True
Let t(x) = x**3 + 4*x + 431 - 398 + 3*x - 9*x**2. Is t(10) a composite number?
True
Let p(c) = 1142*c + 510. Is p(4) composite?
True
Let j be (-24)/(-40)*-5 + 2551. Suppose 0 = 2552*a - j*a - 5612. Is a a composite number?
True
Let s(f) = 2*f**2 - 23*f - 10. Let c be s(12). Suppose m - q - 74 = 0, 168 = 3*m + 3*q - 24. Suppose -m = c*o - 291. Is o a composite number?
True
Suppose 5*y + 4 = t, 0 = 4*t - 5*y + 4*y + 22. Let l be t/((-18)/(-15)) + -1188. Is l*(0 - 4)/4 composite?
False
Suppose -x = 26*s - 31*s + 4473326, -4*x = 4. Is s prime?
False
Suppose 23*t + 25*t - 7792464 = 0. Is t prime?
True
Suppose 2*y = -g + 16 + 40, -5*y = 4*g - 143. Suppose -23*u - 10132 = -y*u. Is u composite?
True
Let l = 871004 - 407557. Is l a prime number?
True
Let x = 1307 - 1293. Suppose 3*q + 2*q = 0. Suppose -13*v + x*v - 709 = q. Is v a prime number?
True
Suppose -7*d + 5*d = 3*t - 29447, 2*t + 5*d - 19657 = 0. Is t composite?
False
Let f(g) = -12*g - 66. Let h be f(-5). Let m be h*((-5)/(-2) - (9 - 6)). Suppose m*b - 2*t = 844 + 613, -1944 = -4*b + 2*t. Is b a prime number?
True
Suppose 39*g + 117 = 78*g. Suppose -3*t = g*t - 288126. Is t prime?
False
Let v = -97 + 132. Let w be ((-28)/v)/(4/(-10)). Suppose w*p + 2*j = 1820, j = -5*p - 2*j + 4544. Is p composite?
False
Is (6/4 + -2)/((-5)/(-93755460)*-6) composite?
False
Let u be 8/(-2) + (-14784)/(0 + -4). Let b = 5283 - u. Is b prime?
False
Let i(q) be the third derivative of 7*q**5/20 - 13*q**4/24 + 67*q**3/6 - 3*q**2. Is i(-15) a composite number?
False
Let g = -1034 - -451. Let x = 1550 + g. Is x a prime number?
True
Suppose -4*g + 128 + 0 = 4*o, 0 = -5*g - o + 160. Let z be 16/g*(-631 - 1). Let v = 465 + z. Is v a composite number?
False
Suppose -4 = -l - 3*x + 4*x, x - 14 = -5*l. Let z be 4 - (9 - (5 - l)). Is 3*(-3 + (-694)/z) a prime number?
False
Suppose -7*n = o - 9*n - 814855, -o = 2*n - 814819. Is o a composite number?
True
Let u be (9/(-1))/3 + 5. Suppose -4*s + 2*t = -372, 3*s = u*s - 3*t + 107. Is s composite?
True
Suppose -378*y + 380*y = -2*l + 1087692, 0 = -y + 3*l + 543818. Is y composite?
True
Let g(p) be the third derivative of p**5/60 + 31*p**3/6 - 13*p**2. Let l be g(0). Let z = l - 12. Is z a composite number?
False
Suppose 0 = -w + 5*g + 977177, 4*w - 2056250 - 1852308 = -5*g. Is w a prime number?
True
Suppose -3826 = -51*x + 481592. Is x prime?
False
Let o = -4334 + 2899. Let q = o + 3638. Is q prime?
True
Let q be 65/3 + (-2)/(-6). Suppose 55*i - q*i - 14817 = 0. Is i a prime number?
True
Let c(l) = -94*l**3 + 8*l**2 + 44*l + 443. Is c(-8) a composite number?
False
Let b(y) be the first derivative of 17*y**5/10 + 7*y**4/12 - y**3/2 + 11*y**2/2 - 3*y - 3. Let m(p) be the first derivative of b(p). Is m(5) a composite number?
False
Is (-4)/(-18) - 9580519/(-279) a prime number?
False
Suppose 526 = 4*j - 2*t, 0*t = 2*t - 10. Let o = -145 + j. Let k(r) = 2*r**3 + 22*r**2 - 11*r - 12. Is k(o) composite?
False
Is (48/128 - (-9967306)/16)*(3 + -2) a prime number?
True
Suppose u - 2*m - 6 = 3*m, 5 = 4*u - m. Is ((-7)/((-42)/1338))/(u/1) a composite number?
False
Let q = -133 + 274. Let k = -126 + q. Is k composite?
True
Let b be (-8)/(-36)*-426*-15. Let x = 4418 - b. Is x a prime number?
False
Let m(y) = 44*y - 25. Let b be m(10). Let f = b - 150. Is f/2 - 3/(-6) a prime number?
False
Let h(b) = -15*b**2 + 3*b - 19. Let v(l) = -44*l**2 + 8*l - 57. Let n(p) = 17*h(p) - 6*v(p). Is n(-8) a prime number?
True
Suppose 4*x - 4*n - 1884 = 1280, 5*x = n + 3959. Suppose 0*c - x = -4*c. Suppose -5*g = -c - 2737. Is g a prime number?
True
Suppose 37*d - 11687387 - 12041547 = -3681705. Is d a composite number?
False
Is -14 + 11 + 145838 + 14 composite?
True
Let v be (-1 + 3/(-9))/((-14)/21). Let l be 8 - (v + 3) - 3. Is ((-3)/((-21)/2933))/(1 - l) prime?
True
Is ((-12603)/(-2))/(((-159)/(-212))/(6/4)) prime?
False
Let x = -51 - -55. Suppose -5*f - 2*v = -v - 3250, 0 = x*f - v - 2609. Suppose 0 = 5*w + 2*d - 643, f = -0*w + 5*w + 4*d. Is w a composite number?
False
Suppose g = -4*d + 8553 - 1767, 5*g - 4*d - 33810 = 0. Suppose -3*q - 3709 - g = 4*o, 0 = q - 4*o + 3465. Let j = -1282 - q. Is j a composite number?
False
Let o be ((-92526)/(-12))/((-5)/(-50)). Is ((-21)/5)/((-21)/o) a prime number?
False
Let d(a) = -8 + 4*a**2 + 95*a + 3 - 2*a - 5*a**2. Is d(27) a prime number?
True
Let r = 110520 + -19307. Is r prime?
False
Suppose 2*j - 121869 = o - 514464, -o + 8*j + 392589 = 0. Is o a composite number?
True
Let w(b) = 6*b - 21 - 6*b + 3*b. Let p be w(8). Suppose -p*q - 3930 = -9*q. Is q composite?
True
Let g = 45207 + -23006. Is g prime?
False
Suppose 2*o - 8765 = -3*o + 4*h, -3*h = 4*o - 7012. Suppose -4*a + 19389 = o. Is a composite?
False
Let z = 593877 + -424196. Is z composite?
False
Suppose 0 = -o - 3, o - 4*o - 186 = -3*f. Suppose -s + d = -66 - f, -2*s + 226 = 4*d. Is s composite?
True
Suppose 3405*t = 3451*t - 9000250 - 2434384. Is t a composite number?
False
Let w be (1/2)/(-3 - (-580)/200). Let i(k) = -3*k - 10*k + 22 - 2*k. Is i(w) a prime number?
True
Let h = 109190 - -172877. Is h composite?
True
Let j be 21 + 5 - (-12)/(0 - -4). Suppose -j*a + 10436 = -25*a. Is a a composite number?
False
Let o be ((-6)/5)/((-4)/10). Let v be (-6)/(-4)*(-1 + o). Is 96620/30 - (-1)/v prime?
True
Let a = -15 + 31. Suppose -a = 5*h - 26. Is h/4*4 - -9*45 prime?
False
Let g(r) = 3*r**2 - 9*r + 9. Let q be g(-6). Suppose -o - 2065 = -3*p + q, 3*o + 3732 = 5*p. Let d = -377 + p. Is d a composite number?
False
Suppose 3*a + 344047 = 5*r, r - 68787 = 634*a - 639*a. Is r a composite number?
True
Suppose 4*w + 8 = 12*w. Suppose -5 = -3*l + w. Is 2593 + 28/(-6) + l/3 a prime number?
False
Let r(a) = -81400*a**3 - 38*a**2 - 30*a + 9. Is r(-1) a composite number?
False
Suppose 60 = 5*y + 2*x, 4*x - 2*x - 18 = -2*y. Suppose 55 = -y*b - 1. Let p(t) = -28*t**3 - 6*t**2 - 7*t + 7. Is p(b) prime?
False
Let o = 2 - 3. Let a(x) = 521*x**3 + x**2 - 11*x + 1. Let y(v) = -v**3 + 2*v. Let z(w) = -a(w) - 6*y(w). Is z(o) composite?
True
Suppose 2*b = -4*b. Let l be -5*(b - -1)/1. Let g(m) = 41*m**2 + m + 35. Is g(l) a composite number?
True
Let b = -105986 + 256783. Is b a prime number?
True
Let d = 12498 - 11711. Is d composite?
False
Suppose -11*d + 627078 = 132595. Is d a prime number?
True
Let z = -2225 - -2227. Let r = -9 + 15. Is (r/9)/(z/969) a composite number?
True
Let w = -63 - -66. Let p(i) = w*i - 6 + 2 - i**2 - 18 + 3*i**2. Is p(13) composite?
True
Suppose -c = 5*k - 12, -5*c = -9*k + 7*k - 33. Suppose c*z - 451 + 73 = 0. Suppose o - z = 341. Is o a composite number?
True
Let x = -868657 + 1288788. Is x a prime number?
False
Is 18269/((-903)/231 + 4) a composite number?
True
Let n = -366 + 352. Is (-4)/n - (375096/(-21) - 1) a prime number?
True
Let q be 6/(-30) - (-4917)/(-15). Is (0 - -5) + (2 - q) a prime number?
False
Suppose 7*x - 140 + 28 = 0. Is (0 + 1 - 2)/(x/(-145648)) a prime number?
True
Suppose -7 = -3*x + 5*c, 12 - 37 = -5*x + 5*c. Is (-8 + x)/((-3)/(-4155)) a prime number?
False
Suppose 0 = 4*p - o - 76125, 34*o = 33*o - 1. Is p prime?
True
Let k = 26 - 18. Suppose k*u - 17988 = 3316. Suppose -3*d + 4*t + u = 0, t + 5292 = 5*d + 848. Is d prime?
False
Is 71/(0/1 + (13 - (-554400)/(-42647))) a prime number?
False
Is (1270/381)/(4/17562) a prime number?
False
Let g = 9644 + -5709. Is g composite?
True
Let l(z) = z**3 + 6*z**2 - 31*z - 7. Let h be l(-9). Let g = -26 + h. Suppose -600 - 1449 = -g*p. Is p prime?
True
Let z(o) = 7 + 26*o + 160*o - 17 - 42*o. Let c be z(-4). Let v = c - -1779. Is v composite?
False
Let w = -3255 - -4694. Is w a 